u - 24. Give s(-1).
-22
Let w(d) = -29*d**2 + 634*d + 92. Calculate w(22).
4
Let x(a) = a**2 - 37*a + 20. Calculate x(37).
20
Let g(k) = 13*k**2 - 898*k + 93. Give g(69).
24
Let v(r) = r**3 + 58*r**2 - 181*r - 7. Determine v(3).
-1
Let y(b) = 49*b + 1239. Give y(-29).
-182
Let k(u) = 3*u**2 + 7*u + 55. Calculate k(-9).
235
Let m(w) = -w**3 - 19*w**2 - 28*w + 319. Calculate m(-16).
-1
Let f(b) = -451*b - 2722. What is f(-6)?
-16
Let b(u) = -2*u**3 + 11*u**2 + 796*u - 3947. Determine b(5).
58
Let k(o) = 5*o**2 - 108*o + 58. Determine k(21).
-5
Let h(p) = 58*p - 1020. What is h(15)?
-150
Let v(x) = -142*x - 6667. What is v(-47)?
7
Let s(m) = -2*m**2 + 22*m - 113. What is s(14)?
-197
Let h(v) = 118*v - 10623. What is h(90)?
-3
Let q(d) = d**3 - 20*d**2 + 51*d + 63. What is q(4)?
11
Let w(q) = 13*q**3 - 108*q**2 + 5*q + 160. Calculate w(8).
-56
Let s(o) = -1352*o + 16243. What is s(12)?
19
Let f(g) = 390*g**2 + 56*g + 55. Give f(-1).
389
Let g(v) = v**2 - 37*v - 1760. Calculate g(-30).
250
Let q(d) = d**2 + 454*d + 22962. What is q(-58)?
-6
Let u(r) = 1902*r - 3801. Calculate u(2).
3
Let j(f) = -f**3 + 19*f**2 + 27*f - 140. Calculate j(20).
0
Let c(m) = 9*m - 447. What is c(36)?
-123
Let p(r) = -3*r**2 - 196*r - 1274. What is p(-58)?
2
Let s(y) = 2*y**3 - 43*y**2 + 40*y - 58. Give s(20).
-458
Let v(a) = -2123*a**2 + 70061*a - 63. What is v(33)?
3
Let m(g) = 5*g**2 - 8*g + 13. Give m(2).
17
Let h(i) = -4*i**2 + 13*i + 8. Calculate h(9).
-199
Let b(l) = 41*l + 951. Calculate b(-23).
8
Let m(r) = -44*r - 5984. Calculate m(-136).
0
Let w(b) = b**3 + 17*b**2 + 45*b + 51. Determine w(-14).
9
Let z(k) = -6*k + 302. What is z(51)?
-4
Let f(v) = v**2 + 208*v - 1073. Give f(5).
-8
Let t(w) = w**3 + 25*w**2 + 2*w + 735. Give t(-26).
7
Let s(d) = 20*d - 1371. Give s(41).
-551
Let s(g) = -13*g**2 - 934*g + 149. What is s(-72)?
5
Let f(p) = -24*p - 47. Give f(7).
-215
Let n(a) = a**3 + 39*a**2 + 78*a + 5. Give n(-2).
-3
Let t(u) = 1663*u - 16617. Give t(10).
13
Let i(d) = 5*d**2 - 385*d + 3120. Give i(9).
60
Let v(r) = r**3 + 9*r**2 - 47*r - 335. Calculate v(-10).
35
Let o(s) = 3*s**3 - 5*s**2 - 3*s + 11. Give o(-3).
-106
Let k(t) = -15*t**2 - t + 18. Calculate k(0).
18
Let f(c) = 22*c**3 + 465*c**2 + 65*c + 49. Calculate f(-21).
7
Let f(x) = -4*x - 74. Calculate f(7).
-102
Let u(w) = -958*w + 19155. What is u(20)?
-5
Let j(u) = u**2 - 708*u + 6974. What is j(10)?
-6
Let f(a) = -14*a**2 - 68*a - 34. What is f(-4)?
14
Let x(z) = -z**3 - 63*z**2 + 63*z - 59. Give x(-64).
5
Let g(h) = -4*h**3 - 4*h + 1. Calculate g(-3).
121
Let b(f) = -3*f**3 - 11*f**2 + 45*f + 188. Calculate b(-5).
63
Let h(y) = -73*y - 10772. Determine h(-148).
32
Let p(d) = d**3 - 6*d**2 + 13*d - 43. Calculate p(3).
-31
Let y(f) = 79*f - 1978. What is y(25)?
-3
Let h(s) = 13847*s + 55397. Calculate h(-4).
9
Let x(u) = 6*u**3 - 14*u**2 + 39*u - 73. What is x(2)?
-3
Let d(f) = f**2 - 23*f + 114. Determine d(7).
2
Let z(j) = j**2 + 46*j + 339. Calculate z(-9).
6
Let h(g) = -5*g + 21. Determine h(-2).
31
Let x(k) = -39*k - 952. Calculate x(-15).
-367
Let m(z) = z**3 + 45*z**2 + 31*z - 446. Give m(-44).
126
Let s(x) = 4*x**2 + 7*x - 4. Give s(-4).
32
Let y(u) = 7*u**2 + 5*u - 7. Calculate y(2).
31
Let v(m) = -m**2 + 1080*m + 23095. Give v(-21).
-26
Let h(a) = -146*a - 4. Give h(-2).
288
Let b(t) = t**3 - 12*t**2 - 28*t - 59. Determine b(15).
196
Let n(d) = d**3 + 65*d**2 + 250*d + 336. Calculate n(-61).
-30
Let x(j) = -10*j - 231. What is x(6)?
-291
Let o(j) = 2*j**2 + 62*j - 170. Determine o(-34).
34
Let h(n) = n**2 - 51*n + 259. Determine h(50).
209
Let i(o) = 78*o - 8490. Give i(109).
12
Let k(d) = 2*d**3 - 18*d**2 - 126*d - 43. What is k(14)?
153
Let h(k) = k - 6. Give h(16).
10
Let f(k) = 8*k**3 - 55*k**2 + 21*k + 159. What is f(6)?
33
Let c(p) = -19*p**2 + 186*p + 28. Give c(10).
-12
Let t(n) = -n**2 - 30*n - 188. What is t(-25)?
-63
Let m(z) = 558*z**2 + 76445*z - 143. Calculate m(-137).
-6
Let t(o) = 378*o + 1136. Give t(-3).
2
Let q(x) = 2*x**2 + 20*x - 53. Give q(4).
59
Let j(v) = -83*v**3 + 22*v**2 + 21*v. Give j(-1).
84
Let j(d) = -d**3 + 43*d**2 - 32*d - 419. Give j(42).
1
Let i(f) = -617*f**2 + 9259*f - 25. Give i(15).
35
Let y(v) = -37*v**2 + 26*v + 26. What is y(-1)?
-37
Let d(k) = -k**3 + 3*k**2 + 2*k - 26. Determine d(4).
-34
Let g(s) = -s**3 - 2*s**2 - 22*s - 169. What is g(-5)?
16
Let n(b) = 13*b + 260. Give n(-11).
117
Let b(j) = j**3 - 127*j**2 - 90. Determine b(127).
-90
Let o(c) = -c**3 - 15*c**2 - 10*c + 30. Give o(-2).
-2
Let z(o) = -2*o**3 + 49*o**2 + 25*o + 8. What is z(25)?
8
Let n(u) = 3*u**3 - 53*u**2 + 13*u - 58. What is n(18)?
500
Let r(j) = 73*j - 4304. Determine r(59).
3
Let v(z) = z**2 - 383. Determine v(24).
193
Let u(q) = -2*q**2 + 313*q + 2297. Calculate u(-7).
8
Let r(l) = -l**3 - 10*l**2 - 33*l - 104. Give r(-8).
32
Let i(o) = -o**2 + 39*o - 197. Determine i(31).
51
Let v(m) = 4*m + 79. Give v(8).
111
Let l(h) = h**3 + 22*h**2 + 30*h + 131. Calculate l(-21).
-58
Let z(j) = 19*j - 409. What is z(31)?
180
Let r(i) = -2*i**2 + i + 63. Determine r(-7).
-42
Let u(d) = d**3 - 58*d**2 + 117*d + 109. Give u(56).
389
Let n(w) = -w**3 + 17*w**2 + 4*w - 36. What is n(8)?
572
Let x(f) = -11*f**3 - 187*f**2 + 10*f + 174. Give x(-17).
4
Let n(v) = 2*v**2 - 99*v - 1453. Give n(-12).
23
Let b(d) = -2*d**3 + 16*d**2 + 1015*d - 8126. What is b(8)?
-6
Let h(g) = 12*g - 18. Give h(14).
150
Let g(m) = 133*m**3 - 30*m**2. Give g(-1).
-163
Let u(p) = 225*p - 221. What is u(1)?
4
Let t(b) = -201*b - 4735. Determine t(-23).
-112
Let o(r) = -14*r**3 + 40*r**2 + 29*r - 74. Determine o(3).
-5
Let x(f) = 33*f - 2616. Determine x(79).
-9
Let r(v) = 2*v**2 + 290*v + 4718. Calculate r(-19).
-70
Let m(b) = -1241*b - 11174. Determine m(-9).
-5
Let j(t) = -719*t - 1954. What is j(-3)?
203
Let i(l) = 93*l**2 - 5388*l - 342. Give i(58).
6
Let f(u) = -234*u + 931. What is f(4)?
-5
Let l(j) = -j**2 + 24*j + 63354. Calculate l(-240).
-6
Let v(t) = 2*t**3 + 18*t**2 + 2*t - 41. Give v(-8).
71
Let i(b) = -19*b - 495. What is i(-27)?
18
Let g(z) = z**3 + 6*z**2 + 88*z + 517. What is g(-6)?
-11
Let s(o) = o**3 + 11*o**2 - 841*o - 8511. Calculate s(-10).
-1
Let y(n) = n**3 - 4*n**2 - 351*n + 704. Give y(2).
-6
Let r(m) = 19*m**2 + 20*m - 26. Determine r(1).
13
Let a(l) = 7*l + 125. What is a(-19)?
-8
Let m(j) = j**2 + 1460*j + 31641. What is m(-22)?
5
Let g(v) = -39*v - 102. Determine g(-3).
15
Let n(o) = -49*o + 434. What is n(8)?
42
Let q(g) = -22*g**2 + 15*g + 32. Calculate q(-2).
-86
Let r(o) = 85*o - 2551. What is r(30)?
-1
Let o(m) = m**3 - 37*m**2 - 45*m + 184. What is o(38)?
-82
Let n(c) = 78*c - 1485. Calculate n(19).
-3
Let w(j) = j**3 - 75*j**2 + 69*j + 158. Give w(74).
-212
Let k(m) = 15*m + 687. Determine k(-45).
12
Let f(n) = -n**2 + 28*n + 6828. Give f(-70).
-32
Let g(v) = -22*v**2 + 110*v + 13. What is g(4)?
101
Let v(i) = i**3 + 6*i**2 - 187*i + 6. Determine v(-17).
6
Let d(u) = 13*u**2 - 18*u - 56. Determine d(-4).
224
Let v(h) = 12*h + 114. What is v(-1)?
102
Let y(f) = -f**3 - 12*f**2 - 30*f + 10. Determine y(-8).
-6
Let q(f) = f**2 - 10*f - 360. Determine q(24).
-24
Let a(w) = -w**2 - 65*w + 462. What is a(7)?
-42
Let i(s) = -s**2 - 84*s + 641. What is i(7)?
4
Let c(q) = 124*q + 392. Determine c(-3).
20
Let r(c) = -c**2 + 11*c + 75. Determine r(13).
49
Let h(m) = 44*m - 494. Give h(25).
606
Let g(c) = -c**3 - 16*c**2 - 61*c - 36. What is g(-11)?
30
Let x(r) = 1041*r - 6204. What is x(6)?
42
Let m(l) = l**3 - 18*l**2 - 59*l - 87. Determine m(21).
-3
Let p(t) = 4*t - 131. Determine p(-15).
-191
Let p(h) = 3*h**2 + 57*h + 7. Calculate p(-19).
7
Let q(k) = -1006*k + 121742. Calculate q(121).
16
Let a(n) = -101*n - 4693. Give a(-46).
-47
Let f(o) = -49*o**2 + 249*o + 12. Calculate f(5).
32
Let x(w) = -281*w + 1153. Determine x(4).
29
Let p(v) = 2*v + 100. Determine p(-47).
6
Let i(y) = 111*y + 986. Determine i(-9).
-13
Let f(i) = i**2 - 9*i - 139. Determine f(-13).
147
Let s(g) = 114*g - 157. What is s(4)?
299
Let z(s) = -s**2 + s + 492. Calculate z(-21).
30
Let i(z) = z**3 + 8*z**2 - 12*z + 8. Calculate i(-6).
152
Let l(r) = -25*r**2 - 6*r - 91. Give l(-4).
-467
Let p(u) = -u**3 + 11*u**2 + 28*u - 34. Calculate p(14).
-230
Let o(d) = -88*d + 891. Give o(10).
11
Let k(m) = -777*m - 54